t g(p) = p**3 - 89*p**2 - 2178*p - 588. What is g(109)?
-370
Let p(l) = 3*l**3 - 39*l**2 - 195*l + 10. What is p(-4)?
-26
Let d(v) = -v**3 + 456*v**2 + 81*v + 171754. Calculate d(457).
-78
Let h(x) = 615*x - 73565. Calculate h(119).
-380
Let j(r) = r**3 - 283*r**2 + 1219*r - 184629. Calculate j(281).
-12
Let k(g) = -11340*g + 1995826. Give k(176).
-14
Let b(t) = t**2 + 45514*t - 409730. Calculate b(9).
-23
Let y(g) = 1117*g + 51325. What is y(-47)?
-1174
Let g(k) = -9*k**3 + 218*k**2 - 123*k + 21. Calculate g(24).
-1779
Let v(c) = 8*c**2 - 1784*c + 13824. Calculate v(8).
64
Let k(t) = 3914*t + 79947. Calculate k(-21).
-2247
Let i(q) = -q**3 - 1085*q**2 - 78550*q - 4041. Determine i(-1007).
-13
Let p(k) = 8*k**3 + 791*k**2 - 123*k - 1479. Calculate p(-99).
897
Let a(q) = -2*q**3 + 3869*q**2 + 27202*q + 166. What is a(-7)?
19
Let z(d) = -24*d - 1885. Give z(0).
-1885
Let w(n) = -3*n**2 + 2919*n + 53550. Calculate w(-18).
36
Let a(s) = -s**3 + 82*s**2 - 1567*s - 4614. Calculate a(44).
6
Let a(b) = b**3 + 85*b**2 + 222. Give a(0).
222
Let t(x) = -3*x**3 - 25*x**2 + 277*x + 2336. What is t(-9)?
5
Let p(c) = 197021*c + 985130. Give p(-5).
25
Let f(o) = -9*o**3 + 1026*o**2 + 10*o - 437. Determine f(114).
703
Let n(o) = -o**2 + 354*o - 24014. What is n(263)?
-81
Let z(k) = -382*k + 2326. What is z(3)?
1180
Let l(f) = 63833*f**2 + 638333*f - 11. Determine l(-10).
-41
Let f(v) = -2943*v - 23541. Give f(-8).
3
Let r(n) = 974*n + 148950. Calculate r(-153).
-72
Let s(r) = 11*r**3 + 165*r**2 + 13*r + 12. Give s(-15).
-183
Let x(g) = -556*g**2 - 7*g + 1. Determine x(1).
-562
Let w(x) = x**3 + 34*x**2 - 509*x + 212. Give w(11).
58
Let j(l) = -l**3 + 17*l**2 - 57*l + 186. Give j(6).
240
Let q(n) = n**3 - 240*n**2 + 7683*n - 1442. Determine q(202).
-28
Let i(d) = d**3 + 172*d**2 + 7295*d - 27. What is i(-76)?
49
Let i(l) = 6*l**2 - 2176*l - 376973. What is i(-128)?
-141
Let o(z) = -34077*z + 170466. What is o(5)?
81
Let g(n) = -5416*n - 16195. Give g(-3).
53
Let y(s) = 5*s**2 - 514*s - 379. Give y(102).
-787
Let r(q) = -530*q - 29685. What is r(-56)?
-5
Let l(r) = -1214994*r + 1214996. What is l(1)?
2
Let z(s) = s**3 - 50*s**2 + 680*s - 27973. What is z(48)?
59
Let v(p) = 622*p + 250669. What is v(-403)?
3
Let n(a) = -19*a**3 - 14*a**2 + 30*a + 115. Determine n(4).
-1205
Let m(x) = -162*x**2 + 27*x - 111. Give m(4).
-2595
Let r(y) = 32*y**2 - 536*y - 1066. Calculate r(-2).
134
Let a(h) = -34*h**2 - 788*h + 2493. Calculate a(-26).
-3
Let l(a) = a**2 - 241*a + 10501. Give l(184).
13
Let a(s) = s**3 + 694*s**2 + 3584*s + 708. What is a(-5)?
13
Let a(r) = -6445239*r - 19335706. Calculate a(-3).
11
Let c(s) = -2*s**2 - 427686*s + 2138457. What is c(5)?
-23
Let b(c) = 1639*c - 146. Calculate b(0).
-146
Let o(t) = 5*t**2 - 5510*t + 505495. Determine o(1001).
-10
Let u(g) = -2*g**2 - 264*g + 2851. What is u(-142)?
11
Let r(n) = 2*n**2 + 58*n + 874. Calculate r(0).
874
Let k(l) = -4702*l - 4194172. What is k(-892)?
12
Let r(s) = 4*s**2 + 378*s + 4325. Calculate r(-81).
-49
Let v(m) = 43*m**3 - 302*m**2 + 28*m - 28. What is v(7)?
119
Let h(x) = 290*x**2 + 629*x + 88. Give h(-2).
-10
Let h(i) = -2169*i + 8728. Determine h(4).
52
Let u(k) = 63*k - 5191. Give u(74).
-529
Let k(n) = -3719*n - 100466. Determine k(-27).
-53
Let o(u) = -1353*u - 75769. Calculate o(-56).
-1
Let s(o) = 2*o**3 - 9*o**2 - 6*o + 53. Give s(6).
125
Let b(a) = 2*a**3 + 54*a**2 - 160*a - 1278. What is b(-29)?
-2
Let h(k) = -k**3 + 32*k**2 + 870*k + 644. Determine h(-17).
15
Let x(c) = 2*c**2 - 27*c - 6496. Calculate x(-54).
794
Let p(h) = -2254*h + 83269. Give p(37).
-129
Let a(x) = -x**2 - 345*x - 8932. Calculate a(-28).
-56
Let z(r) = 212*r + 33846. Give z(-156).
774
Let c(y) = -56*y**2 - 128*y + 118. What is c(-3)?
-2
Let j(f) = 2*f**2 - 390*f + 15259. Determine j(54).
31
Let a(m) = -2*m**2 - 968*m - 71905. What is a(-92)?
223
Let z(r) = 85*r**2 + 368*r + 238. What is z(-4)?
126
Let z(q) = -q**3 + 177*q**2 - 538*q + 496. What is z(174)?
-2288
Let q(o) = -5650*o - 2711984. Calculate q(-480).
16
Let d(p) = -585*p**2 + 2406*p - 253. Determine d(4).
11
Let g(i) = 6*i**3 - 137*i**2 - 30*i - 96. Give g(23).
-257
Let m(z) = z**3 - 74*z**2 - 63*z + 4690. What is m(74)?
28
Let w(y) = -y**3 + 680*y**2 - 20732*y - 2700. Give w(648).
-108
Let x(d) = -4*d**3 - 26*d**2 + 3501*d + 24416. Determine x(-7).
7
Let v(s) = -2*s**2 - 411*s - 2844. Determine v(-7).
-65
Let u(b) = -b**2 + 87*b + 2344. Calculate u(114).
-734
Let t(q) = 2*q**3 - 21*q**2 + 364*q - 1199. What is t(4)?
49
Let w(o) = 1804*o + 1506347. What is w(-835)?
7
Let f(o) = -o**3 - 4*o**2 + 847*o + 2553. What is f(-3)?
3
Let g(c) = 4*c**3 - 2*c**2 - 52*c + 187. Determine g(4).
203
Let s(j) = -66*j + 9527. Calculate s(148).
-241
Let f(q) = -1563*q + 250101. Calculate f(160).
21
Let d(x) = -x**3 + 172*x**2 - 285*x + 19515. Determine d(171).
21
Let r(s) = 59564*s + 357331. What is r(-6)?
-53
Let m(t) = 5*t**3 - 2074*t**2 + 1636*t + 8293. What is m(414)?
13
Let t(c) = 91*c**2 + 2*c + 17. Calculate t(2).
385
Let a(s) = 27*s**2 - 1229*s + 317. Determine a(45).
-313
Let m(h) = h**2 - 375*h + 6056. What is m(15)?
656
Let m(r) = 4*r**2 + 3228*r + 390114. Determine m(-659).
-14
Let d(z) = 93*z**2 + 616*z + 52. Determine d(-7).
297
Let u(s) = -41*s**2 - 72*s + 41. Calculate u(-2).
21
Let j(f) = -23*f**2 + 903*f + 293. Give j(39).
527
Let n(s) = 53*s**2 + 924*s + 2847. Determine n(-4).
-1
Let x(d) = -d**2 + 81*d + 849. Give x(-18).
-933
Let a(h) = -h**2 + 267*h - 7740. Determine a(33).
-18
Let w(i) = -32489*i - 2111784. Give w(-65).
1
Let i(t) = t**3 + 150*t**2 - 169*t - 2266. Give i(-151).
452
Let q(r) = 4450*r + 31147. Give q(-7).
-3
Let u(m) = -412*m**3 - 19*m**2 - 65*m - 73. What is u(-2)?
3277
Let a(f) = -5*f**3 + 180*f**2 + 187*f - 322. Give a(37).
-248
Let r(v) = -10*v**3 + v**2 + 35*v + 99. What is r(-3)?
273
Let w(y) = -85175*y - 89348575. What is w(-1049)?
0
Let d(j) = 3541*j - 67036. Calculate d(18).
-3298
Let j(r) = 10*r**2 + 732*r + 833. Calculate j(-72).
-31
Let q(k) = 2*k**2 + 306*k + 1837. Give q(-145).
-483
Let y(b) = -4*b**2 - 626*b - 7036. Give y(-11).
-634
Let q(t) = -295*t**2 - 436*t + 876. Determine q(2).
-1176
Let n(d) = 856*d + 3164. What is n(-5)?
-1116
Let i(v) = -v**3 + 117*v**2 + 126*v - 931. Give i(118).
13
Let l(u) = -38875*u - 77768. Give l(-2).
-18
Let w(k) = 144*k - 1658. Give w(13).
214
Let a(t) = -19*t**3 + 167*t**2 - 45*t - 610. What is a(8)?
-10
Let s(o) = -4*o**2 - 7256*o - 1308138. Calculate s(-203).
-6
Let v(t) = -1315*t + 12057. Determine v(9).
222
Let y(k) = -17*k**2 - 1206*k + 8405. Calculate y(7).
-870
Let s(x) = -x**3 - 52*x**2 + 1028*x + 19934. Calculate s(-13).
-21
Let r(y) = -5007*y + 455665. Determine r(91).
28
Let k(y) = 3*y**3 + 37*y**2 + 42*y - 12. Give k(-11).
10
Let q(w) = -3*w**3 + 13*w**2 + 30*w + 105. What is q(10)?
-1295
Let q(d) = 6*d**3 - 95*d**2 + 130*d - 2240. Give q(16).
96
Let q(k) = 2*k**3 - 209*k**2 - 119*k + 410. Calculate q(105).
-1060
Let f(n) = -569064*n - 1707199. Calculate f(-3).
-7
Let k(w) = -74*w + 3381. Calculate k(46).
-23
Let w(u) = 2*u**3 + 392*u**2 - 398*u - 808. What is w(-197)?
-20
Let b(h) = h**3 + 44*h**2 - 881*h - 40494. Give b(-42).
36
Let t(s) = s**3 + 205*s**2 + 8287*s + 35130. Calculate t(-152).
18
Let m(o) = -12611*o - 264843. Calculate m(-21).
-12
Let l(g) = -5*g**2 - 152*g - 328. What is l(-30)?
-268
Let l(z) = 172086*z + 6195095. Determine l(-36).
-1
Let o(x) = 2*x**3 + 152*x**2 - 25*x - 1999. Calculate o(-76).
-99
Let s(c) = -2*c**3 - 29*c**2 + 42*c + 1246. What is s(-11)?
-63
Let i(d) = d**3 + 10*d**2 + 529*d - 2750. What is i(5)?
270
Let b(k) = -4734*k + 127786. Determine b(27).
-32
Let x(k) = -26125*k - 287394. Calculate x(-11).
-19
Let i(t) = 91*t**2 + 5294*t + 844. Calculate i(-58).
-84
Let g(l) = -l**2 + 5527*l - 126615. Determine g(23).
-23
Let z(y) = -y**2 + 160*y + 580. Calculate z(166).
-416
Let y(x) = -51792*x + 258745. Calculate y(5).
-215
Let j(r) = -343*r - 2695. Calculate j(-6).
-637
Let c(l) = -3*l**3 + 252*l**2 + l + 1194. Determine c(84).
1278
Let j(p) = 24*p**2 + 397*p + 6. Determine j(-15).
-549
Let h(u) = -6*u**2 - 32*u + 77052. What is h(-116)?
28
Let d(k) = 6150*k + 129137. Give d(-21).
-13
Let h(l) = 1666*l**2 + 1439425*l + 860. Determine h(-864)